he remainder when 363154 is divided by 37?
36
Calculate the remainder when 33998 is divided by 111.
32
What is the remainder when 340781 is divided by 76?
73
Calculate the remainder when 18514 is divided by 18501.
13
What is the remainder when 6075 is divided by 38?
33
What is the remainder when 2434844 is divided by 624?
620
What is the remainder when 250079 is divided by 587?
17
What is the remainder when 73558 is divided by 18?
10
Calculate the remainder when 1567 is divided by 106.
83
Calculate the remainder when 2665 is divided by 441.
19
What is the remainder when 563382 is divided by 8?
6
What is the remainder when 22691 is divided by 11320?
51
What is the remainder when 7018 is divided by 40?
18
What is the remainder when 22804 is divided by 26?
2
Calculate the remainder when 8612 is divided by 39.
32
What is the remainder when 3675 is divided by 152?
27
What is the remainder when 82558 is divided by 27519?
1
Calculate the remainder when 167893 is divided by 287.
285
What is the remainder when 18208 is divided by 72?
64
What is the remainder when 39725 is divided by 61?
14
What is the remainder when 7541 is divided by 396?
17
What is the remainder when 93187 is divided by 24?
19
What is the remainder when 188069 is divided by 23?
21
What is the remainder when 286139 is divided by 173?
170
What is the remainder when 59106 is divided by 44?
14
Calculate the remainder when 681717 is divided by 247.
244
What is the remainder when 697198 is divided by 23?
22
Calculate the remainder when 383569 is divided by 109.
107
Calculate the remainder when 4166 is divided by 297.
8
What is the remainder when 11385 is divided by 1258?
63
What is the remainder when 12505 is divided by 212?
209
Calculate the remainder when 10654 is divided by 818.
20
What is the remainder when 675101 is divided by 111?
110
Calculate the remainder when 3995 is divided by 236.
219
Calculate the remainder when 63 is divided by 41.
22
What is the remainder when 16900 is divided by 72?
52
What is the remainder when 3599 is divided by 1125?
224
Calculate the remainder when 373829 is divided by 34.
33
Calculate the remainder when 1968108 is divided by 989.
987
Calculate the remainder when 3292 is divided by 591.
337
Calculate the remainder when 13495 is divided by 221.
14
What is the remainder when 25217 is divided by 13?
10
What is the remainder when 10292 is divided by 2019?
197
What is the remainder when 350459 is divided by 540?
539
What is the remainder when 11510 is divided by 443?
435
What is the remainder when 4234 is divided by 3932?
302
Calculate the remainder when 4287 is divided by 639.
453
Calculate the remainder when 1568 is divided by 359.
132
Calculate the remainder when 8940 is divided by 7092.
1848
Calculate the remainder when 10012 is divided by 2426.
308
What is the remainder when 97289 is divided by 15?
14
Calculate the remainder when 8062 is divided by 2006.
38
Calculate the remainder when 1977 is divided by 224.
185
What is the remainder when 12777 is divided by 608?
9
What is the remainder when 1449 is divided by 340?
89
Calculate the remainder when 200254 is divided by 56.
54
What is the remainder when 4238 is divided by 883?
706
What is the remainder when 2360 is divided by 396?
380
What is the remainder when 19265 is divided by 101?
75
What is the remainder when 799 is divided by 266?
1
Calculate the remainder when 305 is divided by 242.
63
Calculate the remainder when 10371 is divided by 1621.
645
What is the remainder when 1653 is divided by 222?
99
Calculate the remainder when 12761 is divided by 1399.
170
What is the remainder when 3682 is divided by 887?
134
What is the remainder when 1134 is divided by 23?
7
Calculate the remainder when 2173 is divided by 18.
13
What is the remainder when 24060 is divided by 5543?
1888
Calculate the remainder when 15697 is divided by 658.
563
What is the remainder when 7272 is divided by 5370?
1902
What is the remainder when 5314 is divided by 75?
64
Calculate the remainder when 2063543 is divided by 83.
80
What is the remainder when 23930 is divided by 687?
572
What is the remainder when 155449 is divided by 1364?
1317
Calculate the remainder when 245298 is divided by 100.
98
Calculate the remainder when 2750 is divided by 316.
222
Calculate the remainder when 76442 is divided by 38202.
38
Calculate the remainder when 13021 is divided by 765.
16
Calculate the remainder when 8545 is divided by 111.
109
What is the remainder when 3135 is divided by 169?
93
Calculate the remainder when 61926 is divided by 110.
106
What is the remainder when 57488 is divided by 21?
11
Calculate the remainder when 261330 is divided by 25.
5
Calculate the remainder when 701792 is divided by 140357.
7
What is the remainder when 25259 is divided by 154?
3
What is the remainder when 1965 is divided by 131?
0
Calculate the remainder when 32107 is divided by 13.
10
What is the remainder when 662429 is divided by 36801?
11
What is the remainder when 328734 is divided by 117?
81
Calculate the remainder when 1024459 is divided by 20.
19
Calculate the remainder when 28514 is divided by 28437.
77
What is the remainder when 20642 is divided by 31?
27
Calculate the remainder when 3660 is divided by 134.
42
What is the remainder when 105343 is divided by 2245?
2073
Calculate the remainder when 1250 is divided by 198.
62
What is the remainder when 12577 is divided by 898?
5
Calculate the remainder when 797 is divided by 624.
173
What is the remainder when 142152 is divided by 71058?
36
Calculate the remainder when 7623 is divided by 3605.
413
Calculate the remainder when 1712 is divided by 192.
176
What is the remainder when 130912 is divided by 453?
448
What is the remainder when 111613 is divided by 1800?
13
What is the remainder when 403023 is divided by 25?
23
Calculate the remainder when 146590 is divided by 509.
507
What is the remainder when 34321 is divided by 17159?
3
What is the remainder when 338 is divided by 160?
18
Calculate the remainder when 76140 is divided by 102.
48
What is the remainder when 47550 is divided by 137?
11
What is the remainder when 208532 is divided by 6515?
52
What is the remainder when 223748 is divided by 200?
148
What is the remainder when 268423 is divided by 232?
231
What is the remainder when 14619 is divided by 1331?
1309
What is the remainder when 52332 is divided by 8719?
18
Calculate the remainder when 24786 is divided by 8256.
18
What is the remainder when 122665 is divided by 94?
89
What is the remainder when 269193 is divided by 17?
15
Calculate the remainder when 2392 is divided by 351.
286
What is the remainder when 25095 is divided by 4987?
160
What is the remainder when 7878 is divided by 213?
210
Calculate the remainder when 102895 is divided by 51399.
97
Calculate the remainder when 3764 is divided by 723.
149
Calculate the remainder when 5732 is divided by 551.
222
Calculate the remainder when 33754 is divided by 208.
58
Calculate the remainder when 4996 is divided by 555.
1
What is the remainder when 267431 is divided by 44560?
71
What is the remainder when 5783 is divided by 961?
17
Calculate the remainder when 61477 is divided by 5588.
9
What is the remainder when 468143 is divided by 16?
15
What is the remainder when 2612118 is divided by 380?
378
What is the remainder when 5109 is divided by 5065?
44
Calculate the remainder when 26165 is divided by 481.
191
What is the remainder when 8844 is divided by 2947?
3
Calculate the remainder when 17454 is divided by 8661.
132
What is the remainder when 5757 is divided by 1280?
637
What is the remainder when 2908 is divided by 1107?
694
What is the remainder when 267197 is divided by 38170?
7
What is the remainder when 580187 is divided by 30?
17
Calculate the remainder when 26174 is divided by 3.
2
What is the remainder when 8272 is divided by 306?
10
What is the remainder when 1879 is divided by 238?
213
What is the remainder when 9860 is divided by 4898?
64
What is the remainder when 246241 is divided by 1066?
1061
What is the remainder when 29814 is divided by 3300?
114
Calculate the remainder when 117776 is divided by 260.
256
What is the remainder when 43405 is divided by 83?
79
Calculate the remainder when 11267 is divided by 161.
158
W